{"id":219,"date":"2016-12-26T06:27:42","date_gmt":"2016-12-26T06:27:42","guid":{"rendered":"https:\/\/raratheme.com\/preview\/lawyer-landing-page\/?page_id=5"},"modified":"2020-08-12T07:46:39","modified_gmt":"2020-08-12T05:46:39","slug":"home","status":"publish","type":"page","link":"https:\/\/kruczek.pl\/najem\/","title":{"rendered":"NIEZB\u0118DNIK WYNAJMUJ\u0104CEGO"},"content":{"rendered":"\r\n<p class=\"has-medium-font-size\">CZYLI STWORZONY PRZEZ PRAWNIK\u00d3W PAKIET, DZI\u0118KI KT\u00d3REMU UNIKNIESZ PROBLEM\u00d3W PRZY WYNAJMOWANIU MIESZKANIA<\/p>\r\n\r\n<ul>\r\n<li><strong>Wzory um\u00f3w <\/strong>i\u00a0niezb\u0119dnych dokument\u00f3w, dzi\u0119ki kt\u00f3rym zabezpieczysz swoje interesy<\/li>\r\n<li><strong>Poradnik<\/strong> t\u0142umacz\u0105cy w prosty spos\u00f3b skomplikowane zagadnienia prawne zwi\u0105zane z najmem mieszkania<\/li>\r\n<li>Kod zni\u017ckowy o warto\u015bci 50 z\u0142otych na <strong>konsultacj\u0119 z prawnikiem<\/strong> online<\/li>\r\n<\/ul>","protected":false},"excerpt":{"rendered":"<p>CZYLI STWORZONY PRZEZ PRAWNIK\u00d3W PAKIET, DZI\u0118KI KT\u00d3REMU UNIKNIESZ PROBLEM\u00d3W PRZY WYNAJMOWANIU MIESZKANIA Wzory um\u00f3w i\u00a0niezb\u0119dnych dokument\u00f3w, dzi\u0119ki kt\u00f3rym zabezpieczysz swoje interesy Poradnik t\u0142umacz\u0105cy w prosty spos\u00f3b skomplikowane zagadnienia prawne zwi\u0105zane z najmem mieszkania Kod zni\u017ckowy o warto\u015bci 50 z\u0142otych na &hellip; <\/p>\n","protected":false},"author":1,"featured_media":380,"parent":0,"menu_order":0,"comment_status":"closed","ping_status":"closed","template":"template-home.php","meta":[],"_links":{"self":[{"href":"https:\/\/kruczek.pl\/najem\/index.php\/wp-json\/wp\/v2\/pages\/219"}],"collection":[{"href":"https:\/\/kruczek.pl\/najem\/index.php\/wp-json\/wp\/v2\/pages"}],"about":[{"href":"https:\/\/kruczek.pl\/najem\/index.php\/wp-json\/wp\/v2\/types\/page"}],"author":[{"embeddable":true,"href":"https:\/\/kruczek.pl\/najem\/index.php\/wp-json\/wp\/v2\/users\/1"}],"replies":[{"embeddable":true,"href":"https:\/\/kruczek.pl\/najem\/index.php\/wp-json\/wp\/v2\/comments?post=219"}],"version-history":[{"count":30,"href":"https:\/\/kruczek.pl\/najem\/index.php\/wp-json\/wp\/v2\/pages\/219\/revisions"}],"predecessor-version":[{"id":506,"href":"https:\/\/kruczek.pl\/najem\/index.php\/wp-json\/wp\/v2\/pages\/219\/revisions\/506"}],"wp:featuredmedia":[{"embeddable":true,"href":"https:\/\/kruczek.pl\/najem\/index.php\/wp-json\/wp\/v2\/media\/380"}],"wp:attachment":[{"href":"https:\/\/kruczek.pl\/najem\/index.php\/wp-json\/wp\/v2\/media?parent=219"}],"curies":[{"name":"wp","href":"https:\/\/api.w.org\/{rel}","templated":true}]}}